n base 11?
-33
1202 (base 3) to base 13
38
What is 2 (base 8) in base 5?
2
Convert 22 (base 3) to base 6.
12
What is 234 (base 7) in base 13?
96
Convert 9 (base 13) to base 9.
10
What is 4b (base 16) in base 8?
113
44 (base 5) to base 8
30
What is -b (base 15) in base 10?
-11
Convert -71 (base 13) to base 8.
-134
Convert -1 (base 13) to base 3.
-1
What is 55 (base 11) in base 8?
74
Convert -6 (base 12) to base 6.
-10
Convert 45 (base 6) to base 14.
21
What is 121 (base 6) in base 5?
144
Convert -7 (base 14) to base 3.
-21
Convert -2 (base 8) to base 11.
-2
-5 (base 13) to base 8
-5
What is -11 (base 15) in base 10?
-16
What is -41 (base 6) in base 15?
-1a
What is -3 (base 13) in base 12?
-3
What is -3 (base 11) in base 12?
-3
Convert 1a (base 13) to base 12.
1b
What is 6 (base 9) in base 16?
6
What is 2 (base 12) in base 14?
2
Convert 1a1 (base 14) to base 10.
337
Convert 623 (base 7) to base 6.
1235
Convert -17 (base 10) to base 9.
-18
What is 21 (base 16) in base 13?
27
What is -12 (base 6) in base 8?
-10
Convert -110 (base 5) to base 6.
-50
Convert 200 (base 3) to base 7.
24
133 (base 5) to base 7
61
-19 (base 13) to base 15
-17
Convert -110 (base 3) to base 4.
-30
Convert -10 (base 8) to base 14.
-8
Convert -1 (base 8) to base 5.
-1
-1 (base 4) to base 12
-1
Convert -33 (base 7) to base 10.
-24
Convert -1 (base 15) to base 12.
-1
Convert 2 (base 9) to base 2.
10
What is -1 (base 6) in base 8?
-1
20 (base 3) to base 14
6
-2 (base 5) to base 7
-2
Convert -100100 (base 2) to base 12.
-30
Convert -20 (base 4) to base 8.
-10
Convert -101 (base 2) to base 10.
-5
9 (base 11) to base 4
21
Convert -101 (base 10) to base 11.
-92
Convert -33 (base 13) to base 15.
-2c
What is -4b (base 15) in base 8?
-107
What is 12 (base 10) in base 11?
11
Convert -11 (base 2) to base 6.
-3
-10 (base 11) to base 13
-b
Convert -2 (base 4) to base 3.
-2
-6 (base 12) to base 10
-6
Convert 3 (base 15) to base 3.
10
Convert -21 (base 10) to base 14.
-17
Convert 162 (base 12) to base 5.
1333
-9 (base 11) to base 8
-11
Convert a0 (base 11) to base 14.
7c
What is a (base 15) in base 3?
101
1 (base 4) to base 10
1
What is -4 (base 13) in base 10?
-4
192 (base 12) to base 16
fe
-1 (base 11) to base 12
-1
76 (base 15) to base 10
111
Convert 101 (base 3) to base 11.
a
Convert -3 (base 15) to base 13.
-3
-28 (base 9) to base 5
-101
Convert -20102 (base 3) to base 7.
-335
Convert 101 (base 5) to base 10.
26
1 (base 16) to base 3
1
Convert a (base 13) to base 9.
11
Convert -102 (base 3) to base 4.
-23
Convert 2 (base 5) to base 12.
2
Convert 164 (base 8) to base 16.
74
What is 0 (base 16) in base 14?
0
Convert -95 (base 10) to base 3.
-10112
What is ae (base 15) in base 2?
10100100
-3 (base 4) to base 13
-3
Convert -354 (base 7) to base 16.
-ba
What is 2 (base 6) in base 5?
2
31 (base 5) to base 15
11
11010 (base 2) to base 12
22
Convert 4b (base 14) to base 6.
151
Convert 130 (base 4) to base 8.
34
Convert -10 (base 3) to base 2.
-11
Convert 3 (base 6) to base 4.
3
Convert 25 (base 12) to base 6.
45
Convert 0 (base 7) to base 6.
0
What is -1 (base 9) in base 2?
-1
202 (base 3) to base 14
16
34 (base 6) to base 16
16
34 (base 13) to base 3
1121
Convert 6 (base 10) to base 8.
6
Convert -34 (base 11) to base 7.
-52
Convert -1 (base 6) to base 3.
-1
Convert 11011 (base 2) to base 5.
102
Convert 1 (base 14) to base 15.
1
3 (base 7) to base 12
3
Convert -2 (base 7) to base 2.
-10
What is 1 (base 4) in base 2?
1
Convert 5 (base 10) to base 2.
101
Convert -100 (base 8) to base 3.
-2101
-55 (base 15) to base 12
-68
-14 (base 14) to base 7
-24
-2 (base 6) to base 14
-2
a (base 12) to base 11
a
Convert ca (base 14) to base 10.
178
What is 2210 (base 3) in base 2?
1001011
Convert 2044 (base 5) to base 7.
541
What is 1 (base 8) in base 12?
1
Convert -12 (base 3) to base 15.
-5
What is -156 (base 12) in base 2?
-11010010
Convert -28 (base 14) to base 4.
-210
-183 (base 13) to base 9
-336
2 (base 7) to base 15
2
3 (base 9) to base 10
3
What is 0 (base 5) in base 8?
0
What is 46 (base 15) in base 10?
66
-11111 (base 3) to base 2
-1111001
What is -21 (base 3) in base 10?
-7
3 (base 13) to base 4
3
-1 (base 3) to base 11
-1
Convert 10110 (base 2) to base 9.
24
-515 (base 6) to base 11
-164
What is -1 (base 11) in base 7?
-1
What is 1e (base 16) in base 14?
22
Convert 12 (base 4) to base 11.
6
Convert 25 (base 16) to base 6.
101
Convert 3 (base 5) to base 12.
3
What is 5 (base 9) in base 3?
12
Convert -5a (base 11) to base 4.
-1001
-6 (base 15) to base 16
-6
What is 50 (base 16) in base 15?
55
Convert -10 (base 6) to base 9.
-6
-1d (base 15) to base 14
-20
What is 5 (base 12) in base 2?
101
Convert 25 (base 10) to base 2.
11001
Convert -1 (base 13) to base 15.
-1
What is -81 (base 15) in base 13?
-94
-80 (base 15) to base 8
-170
16 (base 14) to base 12
18
What is 3d (base 16) in base 2?
111101
Convert -2 (base 5) to base 12.
-2
Convert -17 (base 15) to base 7.
-31
What is 1 (base 4) in base 11?
1
What is 5 (base 9) in base 11?
5
Convert 1001 (base 2) to base 13.
9
10 (base 2) to base 9
2
What is 1121 (base 6) in base 10?
265
-1 (base 5) to base 6
-1
-312 (base 4) to base 8
-66
Convert 2 (base 6) to base 15.
2
Convert -112 (base 7) to base 16.
-3a
-3e (base 16) to base 6
-142
Convert d (base 14) to base 6.
21
Convert -1010 (base 2) to base 9.
-11
What is -4 (base 15) in base 7?
-4
What is -21 (base 15) in base 4?
-133
3 (base 14) to base 4
3
1033 (base 4) to base 3
2221
What is 2 (base 10) in base 6?
2
What is -3 (base 10) in base 4?
-3
1a6 (base 12) to base 2
100001110
What is -10 (base 2) in base 13?
-2
-5 (base 14) to base 12
-5
Convert -4 (base 10) to base 14.
-4
30 (base 6) to base 12
16
What is -14 (base 14) in base 2?
-10010
10 (base 2) to base 16
2
-201 (base 3) to base 9
-21
Convert 1100111 (base 2) to base 11.
94
-1110011 (base 2) to base 13
-8b
43 (base 9) to base 15
29
What is 1 (base 4) in base 7?
1
26 (base 8) to base 6
34
-1011 (base 3) to base 11
-29
-2f (base 16) to base 12
-3b
What is 9 (base 10) in base 2?
1001
Convert 442 (base 5) to base 11.
101
What is -1011 (base 4) in base 3?
-2120
20 (base 16) to base 7
44
110111 (base 2) to base 10
55
Convert -241 (base 8) to base 15.
-ab
Convert -10 (base 13) to base 4.
-31
1 (base 10) to base 5
1
Convert 41 (base 5) to base 12.
19
-2 (base 5) to base 13
-2
What is -4 (base 11) in base 14?
-4
Convert -1 (base 16) to base 2.
-1
20 (base 5) to base 11
a
-130 (base 4) to base 2
-11100
5 (base 6) to base 14
5
What is -4 (base 5) in base 7?
-4
Convert 11 (base 2) to base 10.
3
What is -3 (base 12) in base 6?
-3
Convert 2 (base 15) to base 16.
2
What is 1 (base 4) in base 7?
1
-73 (base 12) to base 10
-87
-14 (base 11) to base 15
-10
What is 13a (base 12) in base 4?
2332
-73 (base 9) to base 13
-51
What is -7 (base 11) in base 14?
-7
-10 (base 3) to base 8
-3
-12 (base 6) to base 15
-8
28 (base 10) to base 9
31
23 (base 8) to base 10
19
What is -3 (base 7) in base 15?
-3
What is -1220 (base 4) in base 6?
-252
Convert -60 (base 8) to base 12.
-40
What is 1 (base 15) in base 10?
1
-232 (base 8) to base 6
-414
Convert 15b (base 16) to base 3.
110212
Convert 1110 (base 2) to base 15.
e
-12022 (base 3) to base 12
-bb
Convert 1 (base 3) to base 16.
1
What is 110101 (base 2) in base 3?
1222
What is 12 (base 11) in base 9?
14
1111 (base 2) to base 4
33
-31 (base 5) to base 7
-22
What is -15 (base 8) in base 5?
-23
0 (base 9) to base 10
0
What is 1102 (base 4) in base 6?
214
Convert 0 (base 7) to base 8.
0
What is 4 (base 7) in base 11?
4
Convert -8 (base 13) to base 8.
-10
Convert -1 (base 2) to base 6.
-1
Convert 2 (base 7) to base 16.
2
Convert 52 (base 11) to base 9.
63
2a (base 16) to base 9
46
Convert -4 (base 12) to base 16.
-4
14 (base 7) to base 5
21
34 (base 6) to base 13
19
Convert 323 (base 4) to base 7.
113
Convert -1320 (base 4) to base 2.
-1111000
Convert 4b (base 16) to base 6.
203
Convert 3 (base 10) to base 7.
3
Convert -156 (base 7) to base 4.
-1122
Convert 46 (base 9) to base 12.
36
What is 10 (base 9) in base 12?
9
23 (base 6) to base 4
33
-23a (base 12) to base 9
-411
Convert a (base 11) to base 13.
a
What is 4a (base 14) in base 15?
46
Convert 30 (base 4) to base 2.
1100
What is -13 (base 14) in base 2?
-10001
What is 36 (base 